{"id":529,"date":"2022-06-10T13:36:18","date_gmt":"2022-06-10T12:36:18","guid":{"rendered":"https:\/\/www.marinavidal.es\/fibromialgia-fatiga-cronica-dolor-cronico\/"},"modified":"2022-06-10T13:36:18","modified_gmt":"2022-06-10T12:36:18","slug":"fibromialgia-fatiga-cronica-dolor-cronico","status":"publish","type":"page","link":"https:\/\/www.marinavidal.es\/es\/fibromialgia-fatiga-cronica-dolor-cronico\/","title":{"rendered":"FIBROMIALGIA, FATIGA CR\u00d3NICA, DOLOR CR\u00d3NICO"},"content":{"rendered":"<p>[et_pb_section fb_built=\u00bb1&#8243; admin_label=\u00bbTestimonials Section\u00bb module_id=\u00bbopinions\u00bb _builder_version=\u00bb4.14.7&#8243; background_color_gradient_start=\u00bb#753dbd\u00bb background_color_gradient_end=\u00bb#9f84bc\u00bb background_color_gradient_direction=\u00bb45deg\u00bb background_image=\u00bbhttps:\/\/www.marinavidal.es\/wp-content\/uploads\/2022\/06\/undraw_Appreciation.png\u00bb background_size=\u00bbinitial\u00bb background_blend=\u00bbmultiply\u00bb custom_padding=\u00bb32px|0px|110px|0px||\u00bb global_colors_info=\u00bb{}\u00bb][et_pb_row _builder_version=\u00bb3.25&#8243; locked=\u00bboff\u00bb global_colors_info=\u00bb{}\u00bb][et_pb_column type=\u00bb4_4&#8243; _builder_version=\u00bb3.25&#8243; custom_padding=\u00bb|||\u00bb global_colors_info=\u00bb{}\u00bb custom_padding__hover=\u00bb|||\u00bb][et_pb_text _builder_version=\u00bb4.14.4&#8243; _module_preset=\u00bb870064e3-0f51-4956-a39c-0040fdd1f6c0&#8243; header_text_align=\u00bbcenter\u00bb background_enable_image=\u00bboff\u00bb text_orientation=\u00bbcenter\u00bb background_layout=\u00bbdark\u00bb min_height=\u00bb67px\u00bb custom_padding=\u00bb||0px|||\u00bb inline_fonts=\u00bbDM Serif Display\u00bb global_colors_info=\u00bb{}\u00bb]<\/p>\n<h2><span style=\"font-family: DM Serif Display; font-size: 45px; color: #753dbd;\">Fibromialgia, fatiga cr\u00f3nica, dolor cr\u00f3nico<br \/><\/span><\/h2>\n<p>[\/et_pb_text][\/et_pb_column][\/et_pb_row][et_pb_row use_custom_gutter=\u00bbon\u00bb gutter_width=\u00bb2&#8243; column_padding_mobile=\u00bbon\u00bb custom_padding_last_edited=\u00bbon|phone\u00bb admin_label=\u00bbRow\u00bb _builder_version=\u00bb3.25&#8243; background_size=\u00bbinitial\u00bb background_position=\u00bbtop_left\u00bb background_repeat=\u00bbrepeat\u00bb custom_padding=\u00bb|||\u00bb custom_padding_tablet=\u00bb49px|||\u00bb custom_padding_phone=\u00bb19px|||\u00bb global_colors_info=\u00bb{}\u00bb][et_pb_column type=\u00bb4_4&#8243; _builder_version=\u00bb3.25&#8243; custom_padding=\u00bb|||\u00bb global_colors_info=\u00bb{}\u00bb custom_padding__hover=\u00bb|||\u00bb][et_pb_testimonial quote_icon=\u00bboff\u00bb portrait_width=\u00bb50px\u00bb portrait_height=\u00bb50px\u00bb _builder_version=\u00bb4.14.7&#8243; body_font=\u00bbOpen Sans||||||||\u00bb body_text_color=\u00bb#486066&#8243; body_font_size=\u00bb15px\u00bb body_line_height=\u00bb1.8em\u00bb background_color=\u00bbrgba(255,255,255,0.94)\u00bb animation_style=\u00bbfade\u00bb border_radii=\u00bbon|6px|6px|6px|6px\u00bb box_shadow_style=\u00bbpreset1&#8243; box_shadow_vertical=\u00bb10px\u00bb box_shadow_blur=\u00bb24px\u00bb box_shadow_spread=\u00bb6px\u00bb box_shadow_color=\u00bbrgba(0,0,0,0.06)\u00bb locked=\u00bboff\u00bb global_colors_info=\u00bb{}\u00bb]<\/p>\n<p>Todas ellas est\u00e1n aumentado. \u00bfQu\u00e9 est\u00e1 pasando?<\/p>\n<p>As\u00ed como en los otros problemas de salud tratados hasta ahora, deberemos valorar el estilo de vida y, adem\u00e1s, tener en cuenta que en estos casos existe una sensibilizaci\u00f3n central que cronifica el dolor, la fatiga, la depresi\u00f3n&#8230;<\/p>\n<p>Una vez tratada la fase inflamatoria, siempre que esta exista, nos enfocaremos en realizar una reprogramaci\u00f3n a nivel central a la vez que damos herramientas a nuestro organismo para regenerarse en caso de toxemia, disbiosis intestinal, aporte insuficiente de nutrientes, poco contacto con la naturaleza&#8230;<\/p>\n<p>Ya con las primeras visitas podemos instaurar un tratamiento efectivo que facilite el trabajo necesario hacia la curaci\u00f3n.<\/p>\n<p>\u00bfTienes fibromialgia, fatiga cr\u00f3nica o dolor cr\u00f3nico? \u00bfSabes de alguien a quien se lo hayan diagnosticado y no sepa c\u00f3mo seguir? <\/p>\n<p>[\/et_pb_testimonial][\/et_pb_column][\/et_pb_row][\/et_pb_section][et_pb_section fb_built=\u00bb1&#8243; _builder_version=\u00bb4.14.7&#8243; _module_preset=\u00bbdefault\u00bb global_colors_info=\u00bb{}\u00bb][et_pb_row column_structure=\u00bb1_2,1_2&#8243; _builder_version=\u00bb4.14.7&#8243; _module_preset=\u00bbdefault\u00bb global_colors_info=\u00bb{}\u00bb global_module=\u00bb511&#8243; theme_builder_area=\u00bbpost_content\u00bb][et_pb_column type=\u00bb1_2&#8243; _builder_version=\u00bb4.14.7&#8243; _module_preset=\u00bbdefault\u00bb global_colors_info=\u00bb{}\u00bb theme_builder_area=\u00bbpost_content\u00bb][et_pb_button button_url=\u00bbhttps:\/\/www.marinavidal.es\/autoimmunitat\/\u00bb button_text=\u00bbAUTOIMMUNITAT\u00bb _builder_version=\u00bb4.14.7&#8243; _module_preset=\u00bbdefault\u00bb custom_button=\u00bbon\u00bb button_font=\u00bbOpen Sans||||||||\u00bb custom_css_main_element=\u00bbwidth:100%;||text-align:center;\u00bb global_colors_info=\u00bb{}\u00bb theme_builder_area=\u00bbpost_content\u00bb][\/et_pb_button][et_pb_button button_url=\u00bbhttps:\/\/www.marinavidal.es\/migranya-cefalea-tensional\/\u00bb button_text=\u00bbMIGRANYA, CEFALEA TENSIONAL\u00bb _builder_version=\u00bb4.14.7&#8243; _module_preset=\u00bbdefault\u00bb custom_button=\u00bbon\u00bb button_font=\u00bbOpen Sans||||||||\u00bb custom_css_main_element=\u00bbwidth:100%;||text-align:center;\u00bb global_colors_info=\u00bb{}\u00bb theme_builder_area=\u00bbpost_content\u00bb][\/et_pb_button][et_pb_button button_url=\u00bbhttps:\/\/www.marinavidal.es\/problemes-de-pell\/\u00bb button_text=\u00bbPROBLEMES DE PELL\u00bb _builder_version=\u00bb4.14.7&#8243; _module_preset=\u00bbdefault\u00bb custom_button=\u00bbon\u00bb button_font=\u00bbOpen Sans||||||||\u00bb custom_css_main_element=\u00bbwidth:100%;||text-align:center;\u00bb global_colors_info=\u00bb{}\u00bb theme_builder_area=\u00bbpost_content\u00bb][\/et_pb_button][et_pb_button button_url=\u00bbhttps:\/\/www.marinavidal.es\/problemes-digestius\/\u00bb button_text=\u00bbPROBLEMES DIGESTIUS\u00bb _builder_version=\u00bb4.14.7&#8243; _module_preset=\u00bbdefault\u00bb custom_button=\u00bbon\u00bb button_font=\u00bbOpen Sans||||||||\u00bb custom_css_main_element=\u00bbwidth:100%;||text-align:center;\u00bb global_colors_info=\u00bb{}\u00bb theme_builder_area=\u00bbpost_content\u00bb][\/et_pb_button][\/et_pb_column][et_pb_column type=\u00bb1_2&#8243; _builder_version=\u00bb4.14.7&#8243; _module_preset=\u00bbdefault\u00bb global_colors_info=\u00bb{}\u00bb theme_builder_area=\u00bbpost_content\u00bb][et_pb_button button_url=\u00bbhttps:\/\/www.marinavidal.es\/obesitat-diabetis\/\u00bb button_text=\u00bbOBESITAT, DIABETIS\u00bb _builder_version=\u00bb4.14.7&#8243; _module_preset=\u00bbdefault\u00bb custom_button=\u00bbon\u00bb button_font=\u00bbOpen Sans||||||||\u00bb custom_css_main_element=\u00bbwidth:100%;||text-align:center;\u00bb global_colors_info=\u00bb{}\u00bb theme_builder_area=\u00bbpost_content\u00bb][\/et_pb_button][et_pb_button button_url=\u00bbhttps:\/\/www.marinavidal.es\/fibromialgia-fatiga-cronica-dolor-cronic\/\u00bb button_text=\u00bbFIBROMI\u00c0LGIA, FATIGA CR\u00d2NICA, DOLOR CR\u00d2NIC\u00bb _builder_version=\u00bb4.14.7&#8243; _module_preset=\u00bbdefault\u00bb custom_button=\u00bbon\u00bb button_font=\u00bbOpen Sans||||||||\u00bb custom_css_main_element=\u00bbwidth:100%;||text-align:center;\u00bb global_colors_info=\u00bb{}\u00bb theme_builder_area=\u00bbpost_content\u00bb][\/et_pb_button][et_pb_button button_url=\u00bbhttps:\/\/www.marinavidal.es\/problemes-hormonals\/\u00bb button_text=\u00bbPROBLEMES HORMONALS\u00bb _builder_version=\u00bb4.14.7&#8243; _module_preset=\u00bbdefault\u00bb custom_button=\u00bbon\u00bb button_font=\u00bbOpen Sans||||||||\u00bb custom_css_main_element=\u00bbwidth:100%;||text-align:center;\u00bb global_colors_info=\u00bb{}\u00bb theme_builder_area=\u00bbpost_content\u00bb][\/et_pb_button][et_pb_button button_url=\u00bbhttps:\/\/www.marinavidal.es\/altres\/\u00bb button_text=\u00bbALTRES (Infeccions repetitives, cansament cr\u00f2nic, al\u2022l\u00e8rgies, ansietat, depressi\u00f3\u2026)\u00bb _builder_version=\u00bb4.14.7&#8243; _module_preset=\u00bbdefault\u00bb custom_button=\u00bbon\u00bb button_font=\u00bbOpen Sans||||||||\u00bb custom_css_main_element=\u00bbwidth:100%;||text-align:center;\u00bb global_colors_info=\u00bb{}\u00bb theme_builder_area=\u00bbpost_content\u00bb][\/et_pb_button][\/et_pb_column][\/et_pb_row][\/et_pb_section][et_pb_section fb_built=\u00bb1&#8243; _builder_version=\u00bb4.14.4&#8243; _module_preset=\u00bbdefault\u00bb background_color=\u00bb#212121&#8243; custom_padding=\u00bb27px|||||\u00bb global_colors_info=\u00bb{}\u00bb][et_pb_row _builder_version=\u00bb4.14.4&#8243; _module_preset=\u00bbdefault\u00bb custom_margin=\u00bb|auto|-57px|auto||\u00bb custom_padding=\u00bb||78px|||\u00bb global_colors_info=\u00bb{}\u00bb][et_pb_column type=\u00bb4_4&#8243; _builder_version=\u00bb4.14.4&#8243; _module_preset=\u00bbdefault\u00bb global_colors_info=\u00bb{}\u00bb][et_pb_text _builder_version=\u00bb4.14.4&#8243; _module_preset=\u00bbdefault\u00bb global_colors_info=\u00bb{}\u00bb]<\/p>\n<p style=\"text-align: center;\">Marina Vidal. Doctora de medicina integrativa, medicina natural y PNI en Lleida<\/p>\n<p style=\"text-align: center;\">MEDICINA NATURAL LLEIDA | NUTRICI\u00d3N EVOLUTIVA LLEIDA | RECUPERACI\u00d3N DE LA SALUD LLEIDA | PNI LLEIDA | PSICONEUROINMUNOLOG\u00cdA LLEIDA | MEDICINA INTEGRATIVA LLEIDA<\/p>\n<p>[\/et_pb_text][\/et_pb_column][\/et_pb_row][et_pb_row column_structure=\u00bb1_2,1_2&#8243; _builder_version=\u00bb4.14.4&#8243; _module_preset=\u00bbdefault\u00bb custom_margin=\u00bb|auto|-57px|auto||\u00bb custom_padding=\u00bb||78px|||\u00bb global_colors_info=\u00bb{}\u00bb][et_pb_column type=\u00bb1_2&#8243; _builder_version=\u00bb4.14.4&#8243; _module_preset=\u00bbdefault\u00bb global_colors_info=\u00bb{}\u00bb][et_pb_text _builder_version=\u00bb4.14.4&#8243; _module_preset=\u00bbdefault\u00bb text_font=\u00bbOpen Sans||||||||\u00bb text_text_color=\u00bb#bfbfbf\u00bb text_font_size=\u00bb12px\u00bb custom_margin=\u00bb||6px|||\u00bb global_colors_info=\u00bb{}\u00bb]<\/p>\n<p>Dise\u00f1o del logo: Gemma Rufino Gonz\u00e1lvez<\/p>\n<p>[\/et_pb_text][\/et_pb_column][et_pb_column type=\u00bb1_2&#8243; _builder_version=\u00bb4.14.4&#8243; _module_preset=\u00bbdefault\u00bb global_colors_info=\u00bb{}\u00bb][et_pb_text _builder_version=\u00bb4.14.4&#8243; _module_preset=\u00bbdefault\u00bb text_font=\u00bbOpen Sans||||||||\u00bb text_text_color=\u00bb#bfbfbf\u00bb text_font_size=\u00bb12px\u00bb text_orientation=\u00bbright\u00bb custom_margin=\u00bb||2px|||\u00bb global_colors_info=\u00bb{}\u00bb]<\/p>\n<p>Hosting<\/p>\n<p>[\/et_pb_text][et_pb_image src=\u00bbhttps:\/\/www.marinavidal.es\/wp-content\/uploads\/2021\/12\/consultoria-informatica-madrid-edorteam-1.svg\u00bb title_text=\u00bbconsultoria-informatica-madrid-edorteam-1&#8243; url=\u00bbhttp:\/\/www.edorteam.com\u00bb url_new_window=\u00bbon\u00bb align=\u00bbright\u00bb _builder_version=\u00bb4.14.4&#8243; _module_preset=\u00bbdefault\u00bb width=\u00bb200px\u00bb global_colors_info=\u00bb{}\u00bb][\/et_pb_image][\/et_pb_column][\/et_pb_row][\/et_pb_section]<\/p>\n","protected":false},"excerpt":{"rendered":"<p>Fibromialgia, fatiga cr\u00f3nica, dolor cr\u00f3nicoTodas ellas est\u00e1n aumentado. \u00bfQu\u00e9 est\u00e1 pasando? As\u00ed como en los otros problemas de salud tratados hasta ahora, deberemos valorar el estilo de vida y, adem\u00e1s, tener en cuenta que en estos casos existe una sensibilizaci\u00f3n central que cronifica el dolor, la fatiga, la depresi\u00f3n&#8230; Una vez tratada la fase inflamatoria, [&hellip;]<\/p>\n","protected":false},"author":1,"featured_media":0,"parent":0,"menu_order":0,"comment_status":"closed","ping_status":"closed","template":"","meta":{"_et_pb_use_builder":"on","_et_pb_old_content":"","_et_gb_content_width":"","footnotes":""},"folder":[21],"class_list":["post-529","page","type-page","status-publish","hentry"],"_links":{"self":[{"href":"https:\/\/www.marinavidal.es\/es\/wp-json\/wp\/v2\/pages\/529","targetHints":{"allow":["GET"]}}],"collection":[{"href":"https:\/\/www.marinavidal.es\/es\/wp-json\/wp\/v2\/pages"}],"about":[{"href":"https:\/\/www.marinavidal.es\/es\/wp-json\/wp\/v2\/types\/page"}],"author":[{"embeddable":true,"href":"https:\/\/www.marinavidal.es\/es\/wp-json\/wp\/v2\/users\/1"}],"replies":[{"embeddable":true,"href":"https:\/\/www.marinavidal.es\/es\/wp-json\/wp\/v2\/comments?post=529"}],"version-history":[{"count":0,"href":"https:\/\/www.marinavidal.es\/es\/wp-json\/wp\/v2\/pages\/529\/revisions"}],"wp:attachment":[{"href":"https:\/\/www.marinavidal.es\/es\/wp-json\/wp\/v2\/media?parent=529"}],"wp:term":[{"taxonomy":"folder","embeddable":true,"href":"https:\/\/www.marinavidal.es\/es\/wp-json\/wp\/v2\/folder?post=529"}],"curies":[{"name":"wp","href":"https:\/\/api.w.org\/{rel}","templated":true}]}}

FIBROMIALGIA, FATIGA CRÓNICA, DOLOR CRÓNICO

<p>[et_pb_section fb_built=»1&#8243; admin_label=»Testimonials Section» module_id=»opinions» _builder_version=»4.14.7&#8243; background_color_gradient_start=»#753dbd» background_color_gradient_end=»#9f84bc» background_color_gradient_direction=»45deg» background_image=»https://www.marinavidal.es/wp-content/uploads/2022/06/undraw_Appreciation.png» background_size=»initial» background_blend=»multiply» custom_padding=»32px|0px|110px|0px||» global_colors_info=»{}»][et_pb_row _builder_version=»3.25&#8243; locked=»off» global_colors_info=»{}»][et_pb_column type=»4_4&#8243; _builder_version=»3.25&#8243; custom_padding=»|||» global_colors_info=»{}» custom_padding__hover=»|||»][et_pb_text _builder_version=»4.14.4&#8243; _module_preset=»870064e3-0f51-4956-a39c-0040fdd1f6c0&#8243; header_text_align=»center» background_enable_image=»off» text_orientation=»center» background_layout=»dark» min_height=»67px» custom_padding=»||0px|||» inline_fonts=»DM Serif Display» global_colors_info=»{}»]</p>
<h2><span style="font-family: DM Serif Display; font-size: 45px; color: #753dbd;">Fibromialgia, fatiga crónica, dolor crónico<br /></span></h2>
<p>[/et_pb_text][/et_pb_column][/et_pb_row][et_pb_row use_custom_gutter=»on» gutter_width=»2&#8243; column_padding_mobile=»on» custom_padding_last_edited=»on|phone» admin_label=»Row» _builder_version=»3.25&#8243; background_size=»initial» background_position=»top_left» background_repeat=»repeat» custom_padding=»|||» custom_padding_tablet=»49px|||» custom_padding_phone=»19px|||» global_colors_info=»{}»][et_pb_column type=»4_4&#8243; _builder_version=»3.25&#8243; custom_padding=»|||» global_colors_info=»{}» custom_padding__hover=»|||»][et_pb_testimonial quote_icon=»off» portrait_width=»50px» portrait_height=»50px» _builder_version=»4.14.7&#8243; body_font=»Open Sans||||||||» body_text_color=»#486066&#8243; body_font_size=»15px» body_line_height=»1.8em» background_color=»rgba(255,255,255,0.94)» animation_style=»fade» border_radii=»on|6px|6px|6px|6px» box_shadow_style=»preset1&#8243; box_shadow_vertical=»10px» box_shadow_blur=»24px» box_shadow_spread=»6px» box_shadow_color=»rgba(0,0,0,0.06)» locked=»off» global_colors_info=»{}»]</p>
<p>Todas ellas están aumentado. ¿Qué está pasando?</p>
<p>Así como en los otros problemas de salud tratados hasta ahora, deberemos valorar el estilo de vida y, además, tener en cuenta que en estos casos existe una sensibilización central que cronifica el dolor, la fatiga, la depresión&#8230;</p>
<p>Una vez tratada la fase inflamatoria, siempre que esta exista, nos enfocaremos en realizar una reprogramación a nivel central a la vez que damos herramientas a nuestro organismo para regenerarse en caso de toxemia, disbiosis intestinal, aporte insuficiente de nutrientes, poco contacto con la naturaleza&#8230;</p>
<p>Ya con las primeras visitas podemos instaurar un tratamiento efectivo que facilite el trabajo necesario hacia la curación.</p>
<p>¿Tienes fibromialgia, fatiga crónica o dolor crónico? ¿Sabes de alguien a quien se lo hayan diagnosticado y no sepa cómo seguir? </p>
<p>[/et_pb_testimonial][/et_pb_column][/et_pb_row][/et_pb_section][et_pb_section fb_built=»1&#8243; _builder_version=»4.14.7&#8243; _module_preset=»default» global_colors_info=»{}»][et_pb_row column_structure=»1_2,1_2&#8243; _builder_version=»4.14.7&#8243; _module_preset=»default» global_colors_info=»{}» global_module=»511&#8243; theme_builder_area=»post_content»][et_pb_column type=»1_2&#8243; _builder_version=»4.14.7&#8243; _module_preset=»default» global_colors_info=»{}» theme_builder_area=»post_content»][et_pb_button button_url=»https://www.marinavidal.es/autoimmunitat/» button_text=»AUTOIMMUNITAT» _builder_version=»4.14.7&#8243; _module_preset=»default» custom_button=»on» button_font=»Open Sans||||||||» custom_css_main_element=»width:100%;||text-align:center;» global_colors_info=»{}» theme_builder_area=»post_content»][/et_pb_button][et_pb_button button_url=»https://www.marinavidal.es/migranya-cefalea-tensional/» button_text=»MIGRANYA, CEFALEA TENSIONAL» _builder_version=»4.14.7&#8243; _module_preset=»default» custom_button=»on» button_font=»Open Sans||||||||» custom_css_main_element=»width:100%;||text-align:center;» global_colors_info=»{}» theme_builder_area=»post_content»][/et_pb_button][et_pb_button button_url=»https://www.marinavidal.es/problemes-de-pell/» button_text=»PROBLEMES DE PELL» _builder_version=»4.14.7&#8243; _module_preset=»default» custom_button=»on» button_font=»Open Sans||||||||» custom_css_main_element=»width:100%;||text-align:center;» global_colors_info=»{}» theme_builder_area=»post_content»][/et_pb_button][et_pb_button button_url=»https://www.marinavidal.es/problemes-digestius/» button_text=»PROBLEMES DIGESTIUS» _builder_version=»4.14.7&#8243; _module_preset=»default» custom_button=»on» button_font=»Open Sans||||||||» custom_css_main_element=»width:100%;||text-align:center;» global_colors_info=»{}» theme_builder_area=»post_content»][/et_pb_button][/et_pb_column][et_pb_column type=»1_2&#8243; _builder_version=»4.14.7&#8243; _module_preset=»default» global_colors_info=»{}» theme_builder_area=»post_content»][et_pb_button button_url=»https://www.marinavidal.es/obesitat-diabetis/» button_text=»OBESITAT, DIABETIS» _builder_version=»4.14.7&#8243; _module_preset=»default» custom_button=»on» button_font=»Open Sans||||||||» custom_css_main_element=»width:100%;||text-align:center;» global_colors_info=»{}» theme_builder_area=»post_content»][/et_pb_button][et_pb_button button_url=»https://www.marinavidal.es/fibromialgia-fatiga-cronica-dolor-cronic/» button_text=»FIBROMIÀLGIA, FATIGA CRÒNICA, DOLOR CRÒNIC» _builder_version=»4.14.7&#8243; _module_preset=»default» custom_button=»on» button_font=»Open Sans||||||||» custom_css_main_element=»width:100%;||text-align:center;» global_colors_info=»{}» theme_builder_area=»post_content»][/et_pb_button][et_pb_button button_url=»https://www.marinavidal.es/problemes-hormonals/» button_text=»PROBLEMES HORMONALS» _builder_version=»4.14.7&#8243; _module_preset=»default» custom_button=»on» button_font=»Open Sans||||||||» custom_css_main_element=»width:100%;||text-align:center;» global_colors_info=»{}» theme_builder_area=»post_content»][/et_pb_button][et_pb_button button_url=»https://www.marinavidal.es/altres/» button_text=»ALTRES (Infeccions repetitives, cansament crònic, al•lèrgies, ansietat, depressió…)» _builder_version=»4.14.7&#8243; _module_preset=»default» custom_button=»on» button_font=»Open Sans||||||||» custom_css_main_element=»width:100%;||text-align:center;» global_colors_info=»{}» theme_builder_area=»post_content»][/et_pb_button][/et_pb_column][/et_pb_row][/et_pb_section][et_pb_section fb_built=»1&#8243; _builder_version=»4.14.4&#8243; _module_preset=»default» background_color=»#212121&#8243; custom_padding=»27px|||||» global_colors_info=»{}»][et_pb_row _builder_version=»4.14.4&#8243; _module_preset=»default» custom_margin=»|auto|-57px|auto||» custom_padding=»||78px|||» global_colors_info=»{}»][et_pb_column type=»4_4&#8243; _builder_version=»4.14.4&#8243; _module_preset=»default» global_colors_info=»{}»][et_pb_text _builder_version=»4.14.4&#8243; _module_preset=»default» global_colors_info=»{}»]</p>
<p style="text-align: center;">Marina Vidal. Doctora de medicina integrativa, medicina natural y PNI en Lleida</p>
<p style="text-align: center;">MEDICINA NATURAL LLEIDA | NUTRICIÓN EVOLUTIVA LLEIDA | RECUPERACIÓN DE LA SALUD LLEIDA | PNI LLEIDA | PSICONEUROINMUNOLOGÍA LLEIDA | MEDICINA INTEGRATIVA LLEIDA</p>
<p>[/et_pb_text][/et_pb_column][/et_pb_row][et_pb_row column_structure=»1_2,1_2&#8243; _builder_version=»4.14.4&#8243; _module_preset=»default» custom_margin=»|auto|-57px|auto||» custom_padding=»||78px|||» global_colors_info=»{}»][et_pb_column type=»1_2&#8243; _builder_version=»4.14.4&#8243; _module_preset=»default» global_colors_info=»{}»][et_pb_text _builder_version=»4.14.4&#8243; _module_preset=»default» text_font=»Open Sans||||||||» text_text_color=»#bfbfbf» text_font_size=»12px» custom_margin=»||6px|||» global_colors_info=»{}»]</p>
<p>Diseño del logo: Gemma Rufino Gonzálvez</p>
<p>[/et_pb_text][/et_pb_column][et_pb_column type=»1_2&#8243; _builder_version=»4.14.4&#8243; _module_preset=»default» global_colors_info=»{}»][et_pb_text _builder_version=»4.14.4&#8243; _module_preset=»default» text_font=»Open Sans||||||||» text_text_color=»#bfbfbf» text_font_size=»12px» text_orientation=»right» custom_margin=»||2px|||» global_colors_info=»{}»]</p>
<p>Hosting</p>
<p>[/et_pb_text][et_pb_image src=»https://www.marinavidal.es/wp-content/uploads/2021/12/consultoria-informatica-madrid-edorteam-1.svg» title_text=»consultoria-informatica-madrid-edorteam-1&#8243; url=»http://www.edorteam.com» url_new_window=»on» align=»right» _builder_version=»4.14.4&#8243; _module_preset=»default» width=»200px» global_colors_info=»{}»][/et_pb_image][/et_pb_column][/et_pb_row][/et_pb_section]</p>

<p>Fibromialgia, fatiga crónica, dolor crónicoTodas ellas están aumentado. ¿Qué está pasando? Así como en los otros problemas de salud tratados hasta ahora, deberemos valorar el estilo de vida y, además, tener en cuenta que en estos casos existe una sensibilización central que cronifica el dolor, la fatiga, la depresión&#8230; Una vez tratada la fase inflamatoria, [&hellip;]</p>
